ommon factor of 1364 and 868.
124
Calculate the highest common factor of 3 and 1.
1
What is the highest common factor of 40 and 1960?
40
What is the greatest common factor of 5888 and 1656?
184
Calculate the greatest common factor of 26 and 3133.
13
Calculate the greatest common divisor of 385 and 5313.
77
Calculate the highest common factor of 37914 and 213.
213
What is the highest common factor of 2 and 6671?
1
Calculate the greatest common divisor of 1781 and 208.
13
Calculate the highest common divisor of 253 and 99.
11
Calculate the greatest common factor of 130 and 65.
65
What is the greatest common factor of 21877 and 131?
131
Calculate the greatest common divisor of 165 and 75.
15
What is the highest common divisor of 15 and 3495?
15
Calculate the greatest common divisor of 584 and 24.
8
What is the greatest common factor of 45 and 465?
15
What is the highest common divisor of 6 and 738?
6
What is the highest common factor of 2541 and 105?
21
What is the highest common factor of 25 and 13225?
25
What is the highest common divisor of 6 and 12048?
6
Calculate the highest common divisor of 512 and 272.
16
What is the highest common divisor of 261 and 58?
29
Calculate the highest common divisor of 29516 and 188.
188
Calculate the highest common divisor of 5 and 25.
5
What is the greatest common divisor of 3 and 6?
3
What is the highest common factor of 76 and 190?
38
What is the highest common divisor of 19234 and 354?
118
Calculate the highest common divisor of 3832 and 24.
8
What is the highest common divisor of 6970 and 170?
170
Calculate the greatest common factor of 11800 and 400.
200
What is the highest common factor of 418 and 88?
22
What is the greatest common divisor of 270 and 450?
90
What is the highest common divisor of 969 and 114?
57
What is the greatest common factor of 88 and 64?
8
What is the highest common factor of 24 and 696?
24
Calculate the greatest common factor of 400 and 160.
80
What is the highest common factor of 1391 and 13?
13
Calculate the highest common factor of 8282 and 246.
82
What is the highest common factor of 103 and 23999?
103
What is the greatest common factor of 2047 and 115?
23
What is the greatest common divisor of 186 and 2511?
93
Calculate the highest common divisor of 976 and 16.
16
What is the highest common factor of 19 and 19?
19
Calculate the highest common divisor of 438 and 12.
6
What is the greatest common factor of 7055 and 83?
83
Calculate the greatest common factor of 198 and 264.
66
What is the highest common divisor of 3162 and 204?
102
Calculate the greatest common divisor of 3741 and 87.
87
Calculate the greatest common factor of 2 and 16.
2
Calculate the greatest common divisor of 5 and 65.
5
What is the greatest common divisor of 1020 and 60?
60
Calculate the highest common factor of 5 and 1445.
5
What is the highest common divisor of 35 and 1475?
5
What is the highest common factor of 2665 and 20?
5
Calculate the greatest common factor of 672 and 1596.
84
Calculate the highest common factor of 120 and 870.
30
Calculate the highest common divisor of 272 and 108.
4
What is the greatest common divisor of 33 and 11?
11
What is the greatest common divisor of 464 and 319?
29
What is the greatest common factor of 621 and 54?
27
Calculate the greatest common divisor of 5129 and 2899.
223
Calculate the highest common factor of 10 and 94.
2
Calculate the highest common factor of 7833 and 63.
21
Calculate the highest common divisor of 161 and 42.
7
What is the highest common factor of 32 and 544?
32
What is the highest common divisor of 1770 and 75?
15
Calculate the highest common divisor of 8 and 200.
8
What is the highest common divisor of 459 and 18?
9
Calculate the greatest common factor of 880 and 10.
10
Calculate the highest common factor of 779 and 41.
41
Calculate the greatest common factor of 90 and 1080.
90
What is the highest common factor of 78 and 702?
78
Calculate the highest common divisor of 267 and 356.
89
Calculate the highest common divisor of 153 and 187.
17
What is the highest common divisor of 2599 and 46?
23
Calculate the highest common factor of 56 and 40.
8
What is the highest common divisor of 84 and 1988?
28
What is the greatest common factor of 72 and 126?
18
Calculate the highest common factor of 10813 and 11.
11
What is the greatest common divisor of 72 and 72?
72
Calculate the greatest common factor of 185 and 2035.
185
Calculate the greatest common factor of 6437 and 82.
41
Calculate the highest common divisor of 12 and 852.
12
Calculate the greatest common divisor of 119 and 3689.
119
Calculate the greatest common factor of 156 and 572.
52
What is the highest common factor of 29 and 232?
29
Calculate the highest common factor of 1732 and 4.
4
Calculate the greatest common divisor of 2440 and 40.
40
Calculate the greatest common factor of 11 and 396.
11
What is the greatest common factor of 1813 and 49?
49
What is the highest common divisor of 10 and 4835?
5
What is the highest common divisor of 35 and 10?
5
What is the highest common divisor of 65 and 195?
65
Calculate the highest common divisor of 16 and 504.
8
What is the highest common factor of 1 and 19?
1
Calculate the highest common factor of 80 and 48.
16
Calculate the highest common factor of 21 and 231.
21
Calculate the highest common divisor of 497 and 7.
7
What is the highest common factor of 819 and 63?
63
Calculate the highest common divisor of 51200 and 100.
100
What is the greatest common factor of 17 and 1921?
17
What is the greatest common divisor of 623 and 356?
89
What is the highest common factor of 44 and 3366?
22
Calculate the highest common factor of 1008 and 938.
14
Calculate the highest common divisor of 3 and 129.
3
What is the greatest common divisor of 16 and 12?
4
Calculate the greatest common divisor of 510 and 102.
102
What is the greatest common divisor of 130 and 975?
65
What is the highest common divisor of 488 and 671?
61
Calculate the highest common divisor of 2735 and 40.
5
What is the highest common factor of 6 and 174?
6
Calculate the highest common factor of 22971 and 247.
247
What is the highest common factor of 68 and 17204?
68
Calculate the highest common factor of 528 and 99.
33
What is the greatest common divisor of 2135 and 70?
35
What is the highest common divisor of 37 and 296?
37
What is the greatest common divisor of 3 and 81?
3
What is the greatest common divisor of 123 and 120171?
123
What is the highest common divisor of 14118 and 312?
78
What is the greatest common factor of 14 and 76?
2
Calculate the highest common divisor of 24 and 252.
12
Calculate the highest common divisor of 1530 and 50.
10
Calculate the highest common divisor of 68 and 884.
68
Calculate the highest common factor of 4032 and 2772.
252
Calculate the highest common factor of 245 and 392.
49
Calculate the highest common divisor of 8 and 13.
1
Calculate the greatest common divisor of 65 and 5.
5
Calculate the highest common divisor of 150 and 225.
75
Calculate the highest common divisor of 630 and 27.
9
What is the greatest common factor of 22596 and 84?
84
What is the highest common divisor of 195 and 52?
13
What is the highest common factor of 36585 and 27?
27
What is the greatest common factor of 64 and 88?
8
Calculate the highest common factor of 80 and 12.
4
Calculate the highest common factor of 69324 and 872.
436
Calculate the greatest common factor of 320 and 440.
40
What is the highest common divisor of 315 and 225?
45
Calculate the greatest common divisor of 400 and 28.
4
What is the highest common divisor of 7280 and 48?
16
What is the highest common divisor of 6 and 24?
6
Calculate the highest common factor of 282 and 13959.
141
Calculate the greatest common factor of 174 and 1334.
58
Calculate the highest common divisor of 1328 and 688.
16
Calculate the highest common divisor of 860 and 60.
20
Calculate the greatest common divisor of 5746 and 52.
26
What is the greatest common factor of 871 and 143?
13
Calculate the highest common divisor of 16 and 1384.
8
Calculate the highest common divisor of 96 and 15.
3
Calculate the greatest common divisor of 30 and 90.
30
Calculate the highest common factor of 53 and 5671.
53
Calculate the greatest common factor of 195 and 156